48?
-332
In base 16, what is -214 + -1?
-215
In base 11, what is 183 - 1?
182
In base 15, what is 13b - d?
12d
In base 3, what is -20122 - -20?
-20102
In base 8, what is 134 - -163?
317
In base 7, what is -33 - 24?
-60
In base 15, what is 1 + 4b0?
4b1
In base 5, what is 10 + 3321?
3331
In base 12, what is b4 + -4?
b0
In base 7, what is 3 - -56?
62
In base 16, what is -5 - -4?
-1
In base 7, what is -24 - -504?
450
In base 10, what is -767 + -2?
-769
In base 4, what is 10 - 303?
-233
In base 4, what is 1311 + 2?
1313
In base 11, what is -791 - 0?
-791
In base 5, what is -2 - 1304?
-1311
In base 3, what is 2110111 + 11?
2110122
In base 11, what is -22 - -7?
-16
In base 6, what is 13 - 233?
-220
In base 15, what is 3e - -6?
45
In base 2, what is -110 + 1010011?
1001101
In base 16, what is -4ac - -3?
-4a9
In base 10, what is 1 - -17?
18
In base 7, what is 45 + 41?
116
In base 10, what is 5 + 35?
40
In base 6, what is -5 - 230?
-235
In base 13, what is -2 + 45?
43
In base 6, what is -1 + -10451?
-10452
In base 11, what is -24 + 13?
-11
In base 12, what is -5 + 347?
342
In base 11, what is 0 - -50?
50
In base 7, what is 6 - 1065?
-1056
In base 13, what is 8 + -275?
-26a
In base 2, what is -10 + -110100010000?
-110100010010
In base 11, what is -10 - 11?
-21
In base 4, what is -30031 - -11?
-30020
In base 11, what is 5 + 354?
359
In base 13, what is 3 + 2b?
31
In base 15, what is -2a + 58?
2d
In base 8, what is 1747 + -40?
1707
In base 8, what is -10 - 5?
-15
In base 14, what is -3 - 255?
-258
In base 10, what is 160 + -9?
151
In base 6, what is -2 - -1031?
1025
In base 6, what is 1342 + -2?
1340
In base 12, what is 2 - 24?
-22
In base 5, what is 10 - 32?
-22
In base 5, what is -144241 + -3?
-144244
In base 15, what is 102d - 3?
102a
In base 10, what is 4 + -3359?
-3355
In base 2, what is -111 + -1111100010?
-1111101001
In base 10, what is -1104 - -1?
-1103
In base 9, what is -4 - 607?
-612
In base 15, what is 169 + -1?
168
In base 16, what is -4 + -89?
-8d
In base 12, what is 139 - -10?
149
In base 13, what is 0 + -12a6?
-12a6
In base 7, what is 153 - 20?
133
In base 2, what is 11111 - -1?
100000
In base 11, what is 11 + -551?
-540
In base 2, what is 110 - -1000101?
1001011
In base 5, what is -4 - -4111?
4102
In base 9, what is -3 - 11?
-14
In base 3, what is -1222 + 12?
-1210
In base 9, what is 10 + 151?
161
In base 16, what is -2a7 - -3?
-2a4
In base 15, what is 53ec - 0?
53ec
In base 7, what is -1 + -414?
-415
In base 6, what is 114 + -14?
100
In base 14, what is 1 + -1a?
-19
In base 7, what is -131 - -6?
-122
In base 14, what is 1 + 1597?
1598
In base 2, what is -11011 + 1100?
-1111
In base 4, what is 20110 + -10?
20100
In base 14, what is -67 + -21?
-88
In base 4, what is 1311 - -10130?
12101
In base 6, what is 4 - -2240?
2244
In base 2, what is -111 + 11111110?
11110111
In base 15, what is 2a6 - -2?
2a8
In base 9, what is -601 - -3?
-587
In base 16, what is 13d + -4?
139
In base 5, what is 2211 + 1?
2212
In base 5, what is 2 + -24032?
-24030
In base 10, what is 55656 + -1?
55655
In base 3, what is 10 - -100?
110
In base 16, what is 4 - 2e?
-2a
In base 12, what is 724 + 4?
728
In base 15, what is 5 - -4?
9
In base 2, what is 111010110 - -1111?
111100101
In base 12, what is 9 - -205?
212
In base 11, what is 3 - -133?
136
In base 12, what is -1 + 540?
53b
In base 15, what is -977 - -a?
-96c
In base 9, what is 308 + 6?
315
In base 3, what is -10 + -1020?
-1100
In base 6, what is -55 - 1401?
-1500
In base 7, what is 4 + -322?
-315
In base 10, what is 9 - -57?
66
In base 14, what is -4 + -69c?
-6a2
In base 4, what is 20 + 21?
101
In base 15, what is -417e + -1?
-4180
In base 3, what is 100212 + -12?
100200
In base 11, what is -144 + -4?
-148
In base 7, what is -344 - -1?
-343
In base 11, what is -2a - -87?
58
In base 4, what is -1 - 330203?
-330210
In base 14, what is -c + -21?
-2d
In base 10, what is 27 + -3?
24
In base 10, what is 64 + -3?
61
In base 6, what is -2 + 134?
132
In base 3, what is 2000 - -10?
2010
In base 2, what is 101 + 111010101?
111011010
In base 6, what is -3 - -153?
150
In base 13, what is 4 - 37?
-33
In base 12, what is -14 + b2?
9a
In base 2, what is 1110 - -11011010?
11101000
In base 16, what is 36 + -72?
-3c
In base 10, what is 5 - -6?
11
In base 8, what is -3 + -22?
-25
In base 3, what is 1221202 + 2?
1221211
In base 13, what is 30 - -6?
36
In base 13, what is 2 - 72?
-70
In base 9, what is -115 - 20?
-135
In base 16, what is 1f + -4?
1b
In base 12, what is 14 + -6?
a
In base 7, what is -4 + 36?
32
In base 6, what is -25040 + 0?
-25040
In base 15, what is 2 + -20?
-1d
In base 2, what is -1001110000010 - 11?
-1001110000101
In base 10, what is -22354 + 0?
-22354
In base 6, what is -202 + 2?
-200
In base 11, what is -2 + 92?
90
In base 4, what is -11 + -113?
-130
In base 7, what is 3 - -466?
502
In base 16, what is 17 - -4?
1b
In base 14, what is 21 - 45?
-24
In base 14, what is 132 + -2?
130
In base 12, what is 1 + 21?
22
In base 11, what is 255 + 0?
255
In base 4, what is 22023 - -21?
22110
In base 13, what is a + ca?
107
In base 4, what is 100033 + -3?
100030
In base 3, what is -120 - -21?
-22
In base 11, what is -521 - 9?
-52a
In base 14, what is 0 - b4a?
-b4a
In base 15, what is 11e - d?
111
In base 10, what is -3 + 65?
62
In base 3, what is -10212 - -10101?
-111
In base 16, what is 0 - f?
-f
In base 3, what is 1010202 - 11?
1010121
In base 15, what is -3 - 247?
-24a
In base 15, what is -9 + 544?
53a
In base 3, what is -10 - -2002?
1222
In base 4, what is -11 - 20212?
-20223
In base 13, what is 91b + -2?
919
In base 5, what is 21 - -3?
24
In base 2, what is -11010 + 0?
-11010
In base 7, what is 4 + -2204?
-2200
In base 9, what is -1815 + 5?
-1810
In base 7, what is -4 - -11266?
11262
In base 14, what is 2 + d?
11
In base 8, what is -117 - 26?
-145
In base 2, what is -101 + 11010?
10101
In base 9, what is 8182 - 5?
8176
In base 16, what is -1 + 6?
5
In base 5, what is -13403 + 10?
-13343
In base 7, what is -2310 - 0?
-2310
In base 11, what is 17 - 14?
3
In base 3, what is -121110 - -11?
-121022
In base 3, what is 121 + -212120?
-211222
In base 7, what is -4 + -11?
-15
In base 5, what is 22 - -444?
1021
In base 14, what is 219a + -4?
2196
In base 13, what is -8b - 1?
-8c
In base 3, what is 0 + 11121?
11121
In base 2, what is 11 - -11010011?
11010110
In base 4, what is 10002 - 110?
3232
In base 9, what is 131 - -8?
140
In base 4, what is 23122 + 3?
23131
In base 16, what is 3 + 19a?
19d
In base 16, what is -2c - a?
-36
In base 5, what is -3122 + 0?
-3122
In base 4, what is -3132 + 0?
-3132
In base 14, what is 1c0 - 58?
166
In base 4, what is -2303113 + 2?
-2303111
In base 11, what is -2279 + 3?
-2276
In base 3, what is 12 - 201102?
-201020
In base 4, what is -11 - 3310?
-3321
In base 10, what is -1 + -81?
-82
In base 4, what is 2011 - 10?
2001
In base 10, what is -3 - 3?
-6
In base 16, what is 12 - 76?
-64
In base 7, what is 2 + 112?
114
In base 14, what is 1 + 81?
82
In base 14, what is -b - 29?
-36
In base 9, what is 203 + -27?
165
In base 9, what is -56 + -65?
-132
In base 10, what is 6 + -1649?
-1643
In base 7, what is 13615 + -1?
13614
In base 9, what is -12486 - 0?
-12486
In base 10, what is 4 + 24?
28
In base 11, what is 332 + 3?
335
In base 3, what is 20 - -1011?
1101
In base 7, what is -506 - -6?
-500
In base 10, what is 2353 + 5?
2358
In base 8, what is 7174 - -7?
7203
In base 14, what is 17d - 3?
17a
In base 10, what is -7 + -2428?
-2435
In base 5, what is 4 + 14442?
20001
In base 3, what is -11000 - -101?
-10122
In base 10, what is 2 + -42?
-40
In base 15, what is -1 - 2c?
-2d
In base 13, what is -3 - -7a5?
7a2
In base 2, what is 10100111 - 111?
10100000
In base 9, what is -5 - -10?
4
In base 2, what is -1 - 10100011111?
-10100100000
In base 11, what is 667 + 3?
66a
In base 5, what is -3 + 2?
-1
In base 10, what is 99 - -1?
100
In base 4, what is -30 + 2110?
2020
In base 15, what is 9e + -41?
5d
In base 13, what is 397b - -1?
397c
In base 15, what is -1a0 - -b?
-194
In base 15, what is 2 + 193?
195
In base 8, what is -453 + 0?
-453
In base 11, what is -267 + -5?
-271
In base 11, what is -3 - -10a?
107
In base 16, what is 537c + -5?
5377
In base 8, what is 2 - 114?
-112
In base 4, what is -2 + 310?
302
In base 